d) = -d**3 - 3*d**2 - 1. Determine p(-3).
-1
Let z(q) = q**3 + 23*q**2 - 50*q + 12. What is z(-25)?
12
Let b(u) = -u**3 + 15*u**2 - 44*u + 3. What is b(11)?
3
Let h(k) = k**2 + 4*k - 5. Calculate h(-4).
-5
Let t(l) = 2*l**2 - 14*l + 17. Calculate t(4).
-7
Let b(k) = -k**3 - 3*k**2 + 3*k + 10. What is b(-2)?
0
Let m(r) = 22*r - 6. Give m(1).
16
Let v(m) = 3*m - 1. What is v(-6)?
-19
Let d(n) = -12*n - 1. What is d(-1)?
11
Let v(o) = -12*o - 7. What is v(-10)?
113
Let m(u) = 2*u**2 + 51*u + 33. Determine m(-25).
8
Let u(y) = 2*y**3 + y**2 + 3*y - 6. Determine u(0).
-6
Let r(i) = 3*i**2 + 138*i - 8. What is r(-46)?
-8
Let k(p) = p**3 + 9*p**2 - 38*p - 25. What is k(-12)?
-1
Let g(d) = -10*d + 14. Determine g(-5).
64
Let j(w) = 4*w**2 - 4*w + 3. Calculate j(1).
3
Let b(p) = 2*p - 9. Calculate b(5).
1
Let y(i) = i**2 - 17*i + 71. What is y(8)?
-1
Let b(g) = -g**2 + 15*g - 6. Determine b(16).
-22
Let p(y) = -y**3 - 10*y**2 - 4*y + 30. Determine p(-9).
-15
Let d(f) = -f + 22. What is d(16)?
6
Let z(q) = 3*q**2 - 2*q. What is z(3)?
21
Let g(w) = -w**3 - 12*w**2 - 20*w. What is g(-10)?
0
Let j(x) = x**3 + 3*x**2 + x + 8. Give j(0).
8
Let y(r) = -45*r - 6. What is y(-1)?
39
Let f(y) = -y**2 - 5*y - 9. Calculate f(-4).
-5
Let d(h) = -4*h - 11. What is d(-15)?
49
Let v(m) = -3*m - 2. Give v(0).
-2
Let q(n) = -n**3 + 5*n**2 + n. Calculate q(3).
21
Let k(r) = -2*r**2 + 7*r - 3. Calculate k(4).
-7
Let f(h) = -h**2 + 3*h. What is f(3)?
0
Let o(x) = x - 3. Determine o(2).
-1
Let z(f) = -f**3 + 7*f**2 - 8*f + 8. Determine z(5).
18
Let f(h) = -11*h + 13. What is f(6)?
-53
Let b(j) = 14*j - 5. Determine b(-2).
-33
Let n(c) = c**3 + 2*c**2 - 1. Give n(3).
44
Let u(t) = -t**3 + 9*t**2 - 4*t + 3. Give u(6).
87
Let m(j) = 319*j - 4. What is m(0)?
-4
Let t(b) = 5*b**2 + 13*b + 11. What is t(-5)?
71
Let b(y) = y**2 + 19*y + 43. Give b(-15).
-17
Let o(j) = -2*j**2 + 12*j - 11. Calculate o(7).
-25
Let r(o) = o**2 - 48*o - 213. Determine r(52).
-5
Let s(b) = b**2 + 9*b - 14. Give s(-12).
22
Let d(c) = 9*c**3 - c**2 + 1. Give d(-1).
-9
Let t(a) = -a**2 + 7*a + 10. What is t(8)?
2
Let g(v) = -v**2 + 3*v + 1. Give g(3).
1
Let a(u) = -2*u**2 + 23*u + 14. Give a(-6).
-196
Let u(m) = -2*m**3 - 2*m**2 + m - 15. Determine u(-4).
77
Let q(f) = -7*f**2 + f. Determine q(1).
-6
Let i(r) = r**2 - 4*r - 15. Give i(7).
6
Let g(l) = 2*l + 27. Give g(-18).
-9
Let y(k) = k**2 - 30*k + 119. Calculate y(11).
-90
Let s(c) = 5*c. Give s(-1).
-5
Let z(t) = t**2 + 15*t - 43. Give z(-16).
-27
Let a(r) = r**2 + 39*r + 225. Give a(-7).
1
Let j(m) = -m**2 + 6*m + 98. Determine j(-8).
-14
Let z(s) = s**3 - s**2 + s - 2. Give z(1).
-1
Let m(v) = -v**3 + 11. Give m(0).
11
Let m(h) = -4*h + 42. Give m(12).
-6
Let q(a) = a**3 + 3*a**2 - 3*a + 2. Calculate q(2).
16
Let x(m) = -9*m + 82. What is x(9)?
1
Let i(d) = -4*d**2 - 3*d + 12. What is i(3)?
-33
Let d(m) = 2*m**3 - 10*m**2 + 16*m - 25. What is d(4)?
7
Let g(j) = -j**3 - 52*j**2 + 107*j - 68. Determine g(-54).
-14
Let o(d) = d**3 - 10*d**2 + 8*d - 2. Determine o(9).
-11
Let d(i) = i**3 - 13*i**2 - 20*i + 89. Calculate d(14).
5
Let g(u) = -3*u**2 + 15*u - 1. Calculate g(9).
-109
Let x(h) = h**3 + h**2 - 3*h - 10. Calculate x(0).
-10
Let t(i) = 5*i + 48. Calculate t(-9).
3
Let c(u) = -u**2 - 4*u. What is c(-3)?
3
Let o(g) = g**2 + 12*g - 7. What is o(-7)?
-42
Let j(t) = -9*t + 38. Determine j(6).
-16
Let v(r) = r**3 - 16*r**2 - 15*r - 12. Give v(17).
22
Let t(l) = -l**3 + 8*l**2 - 6*l - 7. Determine t(7).
0
Let w(n) = -n**2 + 6*n - 5. Determine w(4).
3
Let c(r) = -2*r**2 - 14*r - 14. Calculate c(-1).
-2
Let c(u) = -u - 1. What is c(7)?
-8
Let p(l) = -l**2 - 37*l - 225. Give p(-29).
7
Let v(j) = j**2 + 3*j - 175. Calculate v(12).
5
Let y(w) = w**2 + 6*w - 4. Determine y(-5).
-9
Let w(z) = -5*z + 29. Give w(9).
-16
Let a(y) = -58*y - 7. What is a(-1)?
51
Let a(k) = 2*k**3 + 3*k**2 - 5*k - 18. Give a(0).
-18
Let f(l) = l**2 + 4*l - 14. Calculate f(-6).
-2
Let t(z) = -3*z**2 + 4*z - 5. Determine t(1).
-4
Let q(h) = 3*h**2 - 22*h + 20. Calculate q(8).
36
Let g(y) = 5*y + 82. Give g(-12).
22
Let s(m) = -m - 17. Give s(13).
-30
Let l(g) = 3*g - 5. Give l(7).
16
Let m(o) = -o**3 - 2*o**2 - 3*o - 13. Give m(-2).
-7
Let z(x) = -5*x + 2. Calculate z(2).
-8
Let m(z) = 2*z - 16. What is m(0)?
-16
Let u(b) = -b**2 + b + 24. Calculate u(6).
-6
Let w(d) = -d + 3. Give w(5).
-2
Let o(q) = -2*q**2 - 7*q + 11. Give o(-6).
-19
Let r(q) = -17*q + 8. Determine r(-7).
127
Let h(r) = 3*r - 27. What is h(20)?
33
Let p(i) = -i**2 - 13*i + 17. Calculate p(-13).
17
Let c(y) = 7*y**2 + 3*y + 12. Determine c(-4).
112
Let d(k) = k**3 + 9*k**2 + 22*k + 48. What is d(-7)?
-8
Let q(d) = d**2 + 18*d - 49. Give q(-20).
-9
Let p(j) = -2*j + 9. Give p(-11).
31
Let h(m) = -2*m**2 - 31*m + 6. Determine h(-16).
-10
Let z(a) = a**3 + a**2 + 3*a - 9. Calculate z(-3).
-36
Let x(n) = -n + 5. What is x(6)?
-1
Let o(s) = s + 9. Calculate o(-10).
-1
Let d(y) = -4*y**2 + 2*y + 26. Determine d(-3).
-16
Let y(f) = -10*f - 10. Determine y(0).
-10
Let q(v) = v**3 - 9*v**2 - 24*v + 22. Give q(11).
0
Let v(r) = r**3 + r**2 - 3*r + 2. Give v(4).
70
Let n(t) = -2*t**2 - 15*t - 3. What is n(-7)?
4
Let d(o) = -o**3 - 3*o**2 + 3*o - 1. Give d(-4).
3
Let a(i) = -i**3 - 6*i**2 + 26*i - 3. Give a(-9).
6
Let m(i) = -2*i**3 + 13*i**2 + 4*i + 14. Give m(7).
-7
Let f(a) = 44*a**3 - 2*a**2 + 2*a - 1. Calculate f(1).
43
Let u(k) = k**3 + 8*k**2 - 8*k - 2. What is u(-9)?
-11
Let w(l) = -5*l + 12. What is w(-9)?
57
Let o(g) = -27*g - 181. Calculate o(-6).
-19
Let r(d) = -8*d**3 - d. Give r(1).
-9
Let c(d) = -d**2 - 5*d - 8. Give c(4).
-44
Let p(z) = -z**3 - 8*z**2 + 8*z - 5. Calculate p(-9).
4
Let c(z) = z + 26. Calculate c(0).
26
Let n(f) = -f**2 + 3*f - 7. Determine n(5).
-17
Let b(m) = 10*m + 13. Calculate b(-7).
-57
Let a(m) = 3*m**3 + 4*m**2 + 2*m - 2. Determine a(-2).
-14
Let a(p) = -p**3 + p**2 + p - 3. Calculate a(0).
-3
Let h(q) = -4*q + 28. Give h(16).
-36
Let l(t) = t**3 + t - 40. Determine l(0).
-40
Let p(r) = -7*r + 2. Give p(-4).
30
Let l(y) = -59*y + 766. Give l(13).
-1
Let w(a) = a**3 - 10*a**2 + 14*a + 13. Give w(7).
-36
Let y(f) = -f**3 + 13*f**2 - 13*f + 8. Calculate y(12).
-4
Let v(p) = -97*p - 1. Determine v(1).
-98
Let t(u) = u**3 + 13*u**2 + 22*u. Calculate t(-11).
0
Let z(w) = -w**3 - 7*w**2 + 9*w + 6. What is z(-8)?
-2
Let p(u) = 11*u**2 + 2*u - 3. What is p(-2)?
37
Let g(n) = -n**3 - n**2 + 6*n + 1. Give g(-3).
1
Let d(x) = x**2 - 4*x - 3. Calculate d(4).
-3
Let v(m) = 7*m + 8. What is v(-7)?
-41
Let k(f) = -f**2 - 11*f + 15. Determine k(-13).
-11
Let n(t) = t**3 - 7*t**2 - 10*t + 5. Determine n(8).
-11
Let u(o) = 3*o - 14. What is u(6)?
4
Let n(g) = -g**3 + 32*g**2 - 58. Determine n(32).
-58
Let j(r) = -11*r + 118. Calculate j(10).
8
Let w(h) = 7*h**2 + 99*h - 7. Give w(-14).
-21
Let w(f) = f**2 + 21*f - 20. Give w(-22).
2
Let p(b) = b + 17. What is p(0)?
17
Let m(y) = y**2 - 6*y - 2. Calculate m(7).
5
Let p(n) = 22*n - 1. Give p(1).
21
Let l(j) = j**3 - 7*j**2 + 14*j - 33. What is l(6)?
15
Let a(q) = -11*q - 11. Calculate a(-4).
33
Let c(m) = m**3 + 52*m**2 + 60*m + 455. Give c(-51).
-4
Let s(p) = 3*p**2 + 12*p - 34. What is s(3)?
29
Let t(l) = l**3 + 10*l**2 + 7*l - 1. Determine t(-9).
17
Let m(h) = -h**2 - 7*h + 3. Give m(-7).
3
Let b(l) = -l**2 + 10*l - 15. Determine b(7).
6
Let t(p) = -3*p + 54. Determine t(19).
-3
Let b(t) = 8*t**3 - 4*t**2 - 4*t + 1. Calculate b(-2).
-71
Let i(a) = a**2 + 7*a + 4. What is i(-5)?
-6
Let b(x) = x**2 + 4*x - 41. Determine b(4).
-9
Let m(p) = p**3 + p - 4. What is m(3)?
26
Let y(n) = n**2 - 3*n - 4. Determine y(0).
-4
Let x(s) = s**3 - 9*s**2 + 22*s - 3. Determine x(4).
5
Let n(w) = -w**3 - 12*w**2 + 5*w - 5. Determine n(-13).
99
Let x(r) = 13*r + 94. Give x(-8).
-10
Let n(m) = m**2 + 6*m - 23. What is n(-8)?
-7
Let i(f) = -f**3 - 19*f**2 - 16*f - 5. Calculate i(-18).
-41
Let t(q) = -82*q + 344. What is t(4)?
16
Let a(k) = -2*k**2 - 4*k + 5. Calculate a(-4).
-11
Let r(b) = -13*b - 73. Determine r(-5).
-8
Let d(k) = k**2 - 27*k + 68. What is d(20)?
-72
Let c(h) = -h**3 - 13*h**2 - 21*h - 6. Calculate c(-11).
-17
Let g(a) = 9*a**3 - 3*a**2 + a. Determine g(2).
62
Let b(n) = 2*n**2 + n - 7. Determine b(-3).
8
Let n(f) = -8*f**3 + 3*f**2 - 2*f - 2. What is n(